 u(h) = h**3 - 25*h**2 + 23*h + 28. Let z be u(24). What are the prime factors of z/(1 - 3) - (-335)/5?
5, 13
Let k = -139 - -40. Let l = k - -191. What are the prime factors of l?
2, 23
Suppose -k - 1396 = -3*a - 3*k, k - 1394 = -3*a. What are the prime factors of a?
2, 29
What are the prime factors of -2 + 72/42 - (-11619)/21?
7, 79
Let j(f) = f**2 - 2*f - 3. Let o be j(3). Suppose -4*d - 412 - 56 = o. List the prime factors of ((-1)/(-3))/((-3)/d).
13
List the prime factors of (7 + -6)*10*3*17.
2, 3, 5, 17
Let q = -96 - -67. List the prime factors of 0 - (-5 + q)*(-6)/(-4).
3, 17
Suppose c + c - 22 = -3*w, 0 = w - 4*c + 2. Suppose 2 = b - w. What are the prime factors of b?
2
Suppose 0 = -4*c + a + 703, -3*a = -4*c + 2*a + 683. What are the prime factors of c?
3, 59
Let p = -69 + 69. Suppose -3*j + o + 157 = p, -4*j - 2*o + 218 = o. List the prime factors of j.
53
Suppose d = -3*d + 16. Suppose 18 = -d*q - 158. List the prime factors of 8/(124/q + 3).
2, 11
Suppose 13*x - 11560 + 3032 = 0. What are the prime factors of x?
2, 41
Let z = -264 - -388. What are the prime factors of z/2 - (0/(-1) + 0)?
2, 31
Suppose 3*r = -18 + 3, 5*t - r - 350 = 0. Let i = t - 2. What are the prime factors of i?
67
Let h = -296 - -849. What are the prime factors of h?
7, 79
Let d = 3 - 39. List the prime factors of ((-20)/(-12) - -1)/((-2)/d).
2, 3
Suppose 0 = 8*u - 5*u - 306. Suppose 2*s - 3*s + u = g, 0 = 3*s - 4*g - 320. What are the prime factors of s?
2, 13
Let y(t) = -2*t**3 + 23*t**2 - 9*t + 25. What are the prime factors of y(10)?
5, 47
What are the prime factors of -6*((-1660)/15 - 11)?
2, 5, 73
Let l(k) = -3*k + 8. Let h be l(3). List the prime factors of (220/60)/(h + 32/30).
5, 11
Let i(h) = h**3 - 3*h**2 + 17*h + 3. List the prime factors of i(4).
3, 29
Let p be -4 - ((-1)/1 + -1). Let y be (0/2)/((-2)/p). Suppose y = -3*c - 6, -25 - 22 = -3*z + 4*c. List the prime factors of z.
13
Let f = -86 + 4475. List the prime factors of f.
3, 7, 11, 19
What are the prime factors of 21*((-548)/(-12) + (-4)/(-6))?
7, 139
Let c be (-1 - 1)/(6/27). Let a = c - -65. List the prime factors of a.
2, 7
Let a = -55 - -182. Let w = a - 106. What are the prime factors of w?
3, 7
Let d be (-1 - -4)/(-3)*-3. What are the prime factors of ((-2412)/(-72))/(d/2 - 1)?
67
Let t(x) be the third derivative of x**5/30 + 55*x**3/3 + 28*x**2. List the prime factors of t(0).
2, 5, 11
Suppose -3*j = -8*j + 1675. List the prime factors of j.
5, 67
What are the prime factors of 4 + -1 - (-7)/(21/213)?
2, 37
Suppose k + 34 = c - 3*k, -c = 5*k + 2. Suppose 4*n + 6 = o, -3*o - 3*n = -2*n - c. List the prime factors of 2/o + (-98)/(-21).
5
Suppose -3*m - 5*g + 33 = m, g = 5. Suppose 7*c = m*c + 200. Let x = 45 - c. What are the prime factors of x?
5
Suppose 2*s - 57 = 3*o, -2*o = -2*s + 3*o + 47. Let y(k) = -7*k - 63. Let u be y(-8). Let c = s + u. List the prime factors of c.
29
Let r be 205/(-2)*28/(-35). Suppose -3*g + y = -r, -5*y - 2 - 3 = 0. List the prime factors of g.
3
Suppose 6*h - 13 = -1. Suppose f = c - 133, h*c + f - 635 = -3*c. List the prime factors of c.
2
Let k(u) be the first derivative of 1/2*u**2 + 8*u + 2. What are the prime factors of k(7)?
3, 5
Let p(n) = 1778*n**2 + 3*n + 5. What are the prime factors of p(-1)?
2, 5, 89
Let o(j) = 32 + 5 - 7*j - 9. List the prime factors of o(-12).
2, 7
Let s be (-56)/2 + (2 - 3). Let o = -16 - s. Suppose h - o = -l - 1, l = 2*h + 18. List the prime factors of l.
2, 7
Let k(r) = 5*r**2 + 20*r - 3. Let v(y) = -3*y**2 - 10*y + 1. Let u(t) = -6*k(t) - 11*v(t). What are the prime factors of u(7)?
2, 3, 7
Suppose 4*q - 199 = 5*z, -4*q + 4*z = z - 209. List the prime factors of q.
2, 7
Let o(q) = -q**2 - 13*q + 2. Let z be o(-13). Suppose 5*g + z*p - 823 = 0, 2*p + 896 = 4*g + 252. What are the prime factors of g?
163
Suppose -6*v + v = -30. Suppose -87 + v = -f. What are the prime factors of f?
3
Let z(g) = 142*g**2 + 24*g - 1. What are the prime factors of z(3)?
19, 71
What are the prime factors of 6 + 7/(35/955)?
197
Let c = -17 - -22. Suppose -4*a = -7*a + 24. Suppose -3*j + c + 48 = 5*o, 0 = -4*o - a. What are the prime factors of j?
3, 7
Suppose -4*p - 30 - 22 = 0. Let n = 15 + p. What are the prime factors of 9*n + (-12)/3?
2, 7
Let q(t) be the third derivative of -t**5/60 + 10*t**3/3 - t**2. What are the prime factors of q(0)?
2, 5
Suppose 6179 = 6*x - 1105. What are the prime factors of x?
2, 607
Let z = 0 - -25. Let w = z + -22. Suppose -23 = -q - w*i, -q + 4*i + 10 = 1. What are the prime factors of q?
17
Let n(w) = w**2 - 8*w + 5. Suppose 2*q - 7 = -3*j, 2*q - 2 - 8 = -2*j. Let u be n(q). Let v(x) = x**3 - 5*x**2 + 3*x - 1. What are the prime factors of v(u)?
2, 7
Let x(b) = -b**3 + 17*b**2 + 16*b - 28. What are the prime factors of x(9)?
2, 191
Suppose 3*a - 209 + 65 = 0. Let q = 35 + a. List the prime factors of q.
83
Let j(g) = -g + 4. Let w be j(3). Suppose -4*z - 7 = w. List the prime factors of (-61)/z - 1/2.
2, 3, 5
Suppose -4*v - 3*x + 1275 = 0, x = 2*v - 3*x - 632. List the prime factors of v.
2, 3, 53
Suppose b + 9 = 3. What are the prime factors of (-9)/b - (-33)/2?
2, 3
Let j = 1158 + -29. What are the prime factors of j?
1129
Let c = 1071 + -504. List the prime factors of c.
3, 7
Let u be -7 - 2/(3/(-3)). Let q(d) = -2*d**2 - 10*d + 3. Let p be q(u). Suppose p*j - 80 = -2*x, x = -0*x - j + 39. List the prime factors of x.
37
Let r = 110 - 108. Suppose 2*l - l + u - 317 = 0, l + r*u = 319. List the prime factors of l.
3, 5, 7
List the prime factors of 16/40*30 + 884.
2, 7
Let m(u) = -u**2 - 16*u - 4. Suppose 23 = -3*i - 2*r, 5 = 4*r - 3*r. List the prime factors of m(i).
3, 17
Suppose -9 = -3*m + 210. Suppose -2*y - 27 = -37. What are the prime factors of 9/(-15) + m/y?
2, 7
Let y(w) = w**2 - w - 12. Let o be y(-3). Suppose -4*d + 430 = -o*v + 3*v, -2*d + 2*v = -208. List the prime factors of d.
2, 53
Let b = 388 + -331. What are the prime factors of b?
3, 19
Let h(r) = -5*r - 2. Let p(g) = g**2 + 3*g - 2. Let y be p(-4). Let f be h(y). List the prime factors of f/2*(3 + -4).
2, 3
Suppose 0 = 5*i - 25, -4*i - 2440 = -3*p - 9*i. What are the prime factors of p?
5, 7, 23
Let u be 8/(2 + (1 - 2)). Suppose -u = 4*h, 2*h - 50 = 5*w + 7*h. What are the prime factors of (1 - -29) + 5 + w?
3
Suppose 6*l + c = 3*l + 18, 2*l - c - 12 = 0. Let n(h) be the second derivative of h**4/6 - 7*h**3/6 - h**2 + h. What are the prime factors of n(l)?
2, 7
Let s = -840 + 1216. Suppose -7*n - s = -11*n. What are the prime factors of n?
2, 47
Let c(n) = -2*n**3 + 4*n**2 + 4*n + 19. List the prime factors of c(-5).
349
Let j(x) = 9*x**2 - 40*x - 53. What are the prime factors of j(-18)?
3583
Let j(d) = -3*d - 8. Let x be j(0). Let c(m) = -15*m - 1. Let l be c(1). Let n = x - l. List the prime factors of n.
2
Suppose 5*g + 61 - 15 = -2*n, 3*n - 4*g + 115 = 0. Let k = 46 + n. Suppose 0 = -3*c + 5 + k. What are the prime factors of c?
2, 3
What are the prime factors of (2 + 7)*(-400)/(-15)?
2, 3, 5
Suppose 0 = -0*p + 5*p - 15750. What are the prime factors of p?
2, 3, 5, 7
Let h = 466 + -280. List the prime factors of h.
2, 3, 31
Let m be ((6/(-4))/(-1))/(27/144). List the prime factors of (-12135)/(-40) + (2 - 19/m).
3, 101
Let n(o) be the third derivative of -5*o**4/24 + o**3 + o**2. Let t be n(3). What are the prime factors of -3 - 9/(t/44)?
41
Suppose 0 = 485*y - 504*y + 14687. List the prime factors of y.
773
Suppose -2*f - 2*m + 15 = f, -f + 5 = m. Let n = 11 - f. What are the prime factors of n?
2, 3
Suppose 0 = -w - 73 + 205. Let t = 9 - 4. Suppose -5*v = t*o - 115, -v - 3*v + 4*o = -w. List the prime factors of v.
2, 7
Suppose -y - 195 + 552 = 4*z, -3*z = -4*y - 244. Let m = z + -28. List the prime factors of m.
2, 3, 5
Let t = 7489 + -4797. List the prime factors of t.
2, 673
Let x(s) = 2 - 2 - 3 - 13*s + 1. Suppose 0*c = -2*c - 4. What are the prime factors of x(c)?
2, 3
Suppose 17809 = 28*n - 13831. List the prime factors of n.
2, 5, 113
Let l(d) = 11*d**2 + 2*d + 2*d**3 + 7 - 2 - 6 - 3*d**3. Let q be l(5). What are the prime factors of q/7 - (-6)/21?
23
Let c = -6 + 8. Suppose 4*n - c = 5*u, -3*u + 14 + 4 = 4*n. Suppose -122 = -3*y - u*v, 0 = 6*y - y - 3*v - 178. List the prime factors of y.
2, 19
Suppose 2252 + 8572 = 12*